9216363 a prime number?
False
Is 739431743 prime?
True
Is 25544593 a prime number?
False
Is 15640075727 prime?
True
Is 2430653 a composite number?
True
Is 4471435867 a composite number?
False
Is 74264199 composite?
True
Is 620172467 prime?
True
Is 48149537 prime?
True
Is 756201937 a composite number?
True
Is 35815690067 composite?
True
Is 52679317043 composite?
False
Is 28002977781 composite?
True
Is 2127226327 a prime number?
True
Is 24731921141 a composite number?
False
Is 1812281973 prime?
False
Is 1425918931 composite?
True
Is 158114484461 composite?
False
Is 969235079 a prime number?
True
Is 1852199291 composite?
False
Is 211390549763 a prime number?
True
Is 754731391 prime?
True
Is 1124696281 composite?
True
Is 11231034761 prime?
True
Is 631880269 composite?
False
Is 68443274693 composite?
False
Is 593207437 prime?
True
Is 18707851153 a composite number?
True
Is 158961041 a prime number?
True
Is 75534071 prime?
True
Is 11073691997 composite?
True
Is 8336737457 composite?
True
Is 5319465233 composite?
True
Is 141102312803 prime?
True
Is 12813213527 a composite number?
True
Is 96521389 a prime number?
True
Is 14988348281 prime?
True
Is 199895483 composite?
True
Is 33762652969 a composite number?
False
Is 37539206069 a prime number?
False
Is 10243187069 composite?
False
Is 8855038067 a prime number?
True
Is 7502697413 a prime number?
True
Is 366944653 a prime number?
True
Is 228743089 a composite number?
False
Is 10106252879 prime?
False
Is 44245977277 composite?
True
Is 102500206157 a composite number?
False
Is 3679734961 prime?
False
Is 13216911871 composite?
True
Is 367235005 a composite number?
True
Is 506457041 a composite number?
True
Is 42603563 a composite number?
True
Is 7754559643 prime?
True
Is 2472054349 prime?
True
Is 13466028047 a composite number?
True
Is 120786975499 a composite number?
False
Is 828782893 composite?
False
Is 963321586 composite?
True
Is 90438775297 prime?
False
Is 992722721 a prime number?
False
Is 55384729579 composite?
True
Is 3728946667 a prime number?
False
Is 290699173 composite?
True
Is 3201883463 prime?
True
Is 2874133831 a prime number?
True
Is 8180080239 composite?
True
Is 88039700989 prime?
True
Is 10135674929 composite?
False
Is 1588752133 composite?
True
Is 398395559 composite?
True
Is 3362309207 a prime number?
True
Is 12167601913 a prime number?
False
Is 237457837 prime?
True
Is 158716948661 a prime number?
True
Is 2040477037 a composite number?
True
Is 129530766917 a prime number?
True
Is 867078257 composite?
True
Is 210310339 prime?
False
Is 518628709 composite?
True
Is 16617073 a prime number?
False
Is 182902063 a composite number?
True
Is 8415168449 a composite number?
False
Is 61969919719 prime?
True
Is 7917899473 prime?
False
Is 48880107929 a prime number?
False
Is 1427111051 a prime number?
True
Is 77544494761 a composite number?
False
Is 825479741 prime?
False
Is 4306812229 prime?
True
Is 19888754407 a composite number?
False
Is 43047051067 composite?
True
Is 267399677 composite?
False
Is 451950330047 a prime number?
True
Is 18243150353 a composite number?
False
Is 14858043029 composite?
True
Is 923406259 a composite number?
False
Is 3529121179 a prime number?
False
Is 1702593251 a prime number?
False
Is 137365204777 a composite number?
False
Is 1428256393 prime?
False
Is 4001217559 prime?
True
Is 2555686183 a composite number?
True
Is 10880884457 composite?
False
Is 20715209047 a prime number?
False
Is 9254348393 composite?
False
Is 2985920423 a composite number?
False
Is 3278035519 a prime number?
False
Is 1138234033 a composite number?
False
Is 611588767 a composite number?
False
Is 635902882 prime?
False
Is 2025155407 a prime number?
False
Is 571118763 prime?
False
Is 8775879881 composite?
True
Is 8284344389 a composite number?
False
Is 2978069989 a composite number?
False
Is 7622311493 a composite number?
False
Is 10087438663 a prime number?
False
Is 33149076119 a prime number?
False
Is 27323211127 a composite number?
False
Is 2153342513 prime?
False
Is 49522380001 composite?
True
Is 7632053597 a composite number?
True
Is 1244670247 a prime number?
False
Is 2596050121 a prime number?
False
Is 9341007091 composite?
True
Is 86925523 a prime number?
True
Is 11912646757 prime?
False
Is 7599663397 a prime number?
False
Is 1254317051 prime?
False
Is 1086433063 prime?
False
Is 5454096343 a prime number?
True
Is 41391554159 a prime number?
False
Is 2998508519 a composite number?
False
Is 13779393913 a composite number?
False
Is 43549662901 a prime number?
True
Is 4395295789 composite?
True
Is 6335197213 a composite number?
False
Is 170112322 prime?
False
Is 19553682943 a prime number?
False
Is 57465078691 a prime number?
True
Is 1634544421 composite?
False
Is 748784297 a prime number?
False
Is 18832976921 a composite number?
True
Is 904639091 composite?
False
Is 103778100487 a composite number?
False
Is 27712103009 prime?
False
Is 1500393421 a prime number?
True
Is 228385046819 prime?
True
Is 685276411 composite?
False
Is 2767364869 prime?
False
Is 41345935621 prime?
True
Is 4370421067 composite?
True
Is 1788324691 composite?
False
Is 131458493863 prime?
False
Is 382462943 prime?
True
Is 194467037 composite?
True
Is 3705577597 a prime number?
True
Is 18168105907 prime?
False
Is 1058844067 a prime number?
True
Is 1354006903 prime?
True
Is 183174671 composite?
False
Is 9029054233 a prime number?
False
Is 29898297947 a prime number?
False
Is 184864660219 a composite number?
True
Is 2487214229 composite?
True
Is 5305103969 prime?
False
Is 1558640689 a prime number?
False
Is 7987983593 a composite number?
True
Is 24151736093 prime?
True
Is 3201460117 composite?
True
Is 2241816529 a composite number?
False
Is 6583617879 a composite number?
True
Is 1242305929 a composite number?
False
Is 20396993 composite?
False
Is 79230508438 a prime number?
False
Is 2149003123 prime?
True
Is 4243357061 a composite number?
True
Is 947999473 a prime number?
False
Is 1696300769 a composite number?
False
Is 2715638117 composite?
False
Is 981966101 a composite number?
False
Is 788144857 prime?
False
Is 445836647 composite?
False
Is 36806468549 a composite number?
False
Is 1867209367 prime?
False
Is 84057746933 a composite number?
True
Is 1566786801 a composite number?
True
Is 17766466681 a prime number?
True
Is 16255597583 composite?
False
Is 2187065767 a prime number?
False
Is 829362727 prime?
False
Is 15543968849 composite?
False
Is 1270665761 prime?
True
Is 103817823 a prime number?
False
Is 24779296691 a composite number?
False
Is 9411422899 a composite number?
False
Is 581963087 a prime number?
True
Is 259121939 a composite number?
True
Is 837417953 prime?
True
Is 447389863 a prime number?
False
Is 12353721691 composite?
False
Is 1874527051 composite?
False
Is 751155259 a prime number?
True
Is 90589168949 a composite number?
True
Is 188857318367 composite?
True
Is 1594010819 prime?
True
Is 2569099179 composite?
True
Is 113400170383 a composite number?
False
Is 3509776999 composite?
False
Is 8260827371 composite?
True
Is 6775425619 prime?
True
Is 2374443923 prime?
True
Is 2249770749 prime?
False
Is 45204887947 prime?
True
Is 52237921649 prime?
True
Is 4656621217 composite?
False
Is 11445791683 composite?
False
Is 2181458857 a prime number?
False
Is 350025887 prime?
True
Is 1186526177 prime?
True
Is 876453233 composite?
False
Is 1213617399 prime?
False
Is 87056141093 composite?
False
Is 593532977 composite?
True
Is 1993855733 a composite number?
True
Is 451777379 composite?
True
Is 2393369791 composite?
True
Is 9928960903 a composite number?
False
Is 1439181409 a composite number?
False
Is 12626940761 prime?
True
Is 177240743 a composite number?
True
Is 16601572379 prime?
False
Is 8093630031 a prime number?
False
Is 24403335895 composite?
True
Is 3138631557 a composite number?
True
Is 404256007 a composite number?
True
Is 1707427591 a composite number?
False
Is 1158462211 prime?
True
Is 3188824469 a prime number?
True
Is 5595676727 a composite number?
False
Is 110173632511 composite?
False
Is 24202252423 a composite number?
False
Is 14771912453 a composite number?
True
Is 15794230999 composite?
True
Is 83770465561 composite?
False
Is 1097116057 a composite number?
False
Is 1310890367 a composite number?
Fal